74).
41
Let m(k) = -4426*k - 4302117. What is m(-972)?
-45
Let k(d) = -d**3 - 12*d**2 - 16*d - 6. Calculate k(-9).
-105
Let f(d) = 2*d**2 - 727*d - 232307. What is f(568)?
5
Let a(n) = -n**3 - 363*n**2 + 692*n - 13803. Give a(-365).
67
Let i(k) = 588*k**2 - 52337*k + 444. What is i(89)?
-1
Let h(o) = -7163*o**2 - 350984*o + 49. What is h(-49)?
-98
Let a(l) = -l**3 + 14*l**2 + 157*l - 1815. Calculate a(17).
-13
Let h(q) = q**3 + 94*q**2 - 1728*q + 4309. Calculate h(-110).
789
Let g(y) = 25*y**2 + 114*y + 176. Determine g(-7).
603
Let t(f) = -20*f**2 + 1227*f - 406. Calculate t(61).
21
Let h(q) = -q**3 + 8*q**2 - 1861*q + 44927. Give h(21).
113
Let j(n) = 163*n + 13303. Determine j(-80).
263
Let f(o) = -5*o**2 + 294*o - 3287. Calculate f(15).
-2
Let m(z) = 393*z - 22727. Give m(59).
460
Let z(v) = v**3 - 35*v**2 + 154*v + 168. Give z(7).
-126
Let q(n) = -990*n - 2031. Calculate q(-2).
-51
Let n(s) = 3*s**2 - 87*s - 145. Calculate n(4).
-445
Let w(d) = 3698*d + 196035. Determine w(-53).
41
Let s(g) = 2*g**3 + 20*g**2 + 2233*g + 10915. Give s(-5).
0
Let s(n) = -1791*n - 447751. What is s(-250)?
-1
Let u(o) = -77387*o + 309798. Give u(4).
250
Let y(u) = u**3 - 88*u**2 + 1540*u - 88. Determine y(24).
8
Let v(h) = -9387*h - 9327. Calculate v(-1).
60
Let n(p) = 2784*p + 44458. Calculate n(-16).
-86
Let h(t) = -4785*t - 57721. What is h(-12)?
-301
Let s(d) = -416*d - 1416. Determine s(1).
-1832
Let m(g) = -1356*g**3 + 31*g**2 - 37*g + 5. Give m(1).
-1357
Let g(z) = 372*z - 82. What is g(7)?
2522
Let w(y) = -11962*y + 1244051. Give w(104).
3
Let d(s) = 10860*s**2 - 2*s - 37. Determine d(0).
-37
Let h(z) = 41*z**2 - 9138*z - 987. Determine h(223).
128
Let y(c) = -c**3 + 85*c**2 - 761*c + 466. Give y(75).
-359
Let v(l) = 2650*l + 35459. Calculate v(-14).
-1641
Let k(j) = j**3 + 10*j**2 - 154*j + 262. What is k(8)?
182
Let y(u) = u**3 + 148*u**2 - 1152*u + 1723. Calculate y(2).
19
Let z(t) = 43737*t + 10715569. What is z(-245)?
4
Let f(n) = 3*n**2 + 6865*n - 152482. Calculate f(22).
0
Let m(k) = 2*k**3 - 77*k**2 + 521*k + 301. What is m(8)?
565
Let x(u) = -2*u**2 + 68*u - 593. Give x(27).
-215
Let a(y) = 11*y**3 - 124*y**2 + 55*y - 258. Give a(11).
-16
Let o(u) = 150710*u - 6028411. Determine o(40).
-11
Let v(s) = -15932*s + 175176. Calculate v(11).
-76
Let g(m) = -m**3 + 40*m**2 - 19*m + 765. What is g(40)?
5
Let j(o) = 323*o + 52943. Calculate j(-163).
294
Let s(c) = c**3 - 3*c**2 - 5489*c + 6665. Determine s(75).
-10
Let o(f) = -32500*f + 45. What is o(0)?
45
Let h(p) = -20*p**2 + 2977*p - 2976. Determine h(1).
-19
Let s(j) = j**3 + 13*j**2 + 1054*j - 4483. Give s(4).
5
Let x(o) = -196*o**2 + 231*o - 458. Calculate x(2).
-780
Let t(z) = -351*z - 442931. Determine t(-1262).
31
Let f(h) = 377*h + 889. Determine f(-4).
-619
Let u(j) = -j**2 + 261*j - 1287. Determine u(249).
1701
Let x(q) = -5656*q - 130073. Calculate x(-23).
15
Let h(s) = 1419*s + 15889. Give h(-11).
280
Let k(j) = 25*j**2 + 1298*j + 1278. Give k(-1).
5
Let t(z) = 16*z**3 + 1118*z**2 - 204*z - 4742. Calculate t(-70).
-262
Let f(w) = 3*w**3 + 1993*w**2 + 147729*w - 83. Determine f(-85).
2
Let p(g) = 93*g**2 - 2422*g + 61. Give p(26).
-43
Let b(k) = -26*k**2 + 7955*k + 784. Give b(306).
478
Let q(b) = 6*b**3 + 87*b**2 + 386*b + 5244. Calculate q(-14).
428
Let a(q) = -18*q**3 - 485*q**2 + 32*q + 40. What is a(-27)?
-95
Let u(b) = 4*b**3 - 2*b**2 + 25*b + 56. Give u(-6).
-1030
Let a(z) = -7*z**3 + 2711*z**2 - 14132*z - 775. Determine a(382).
-11
Let f(a) = -a**3 + 62*a**2 - 62*a - 3731. Give f(60).
-251
Let i(p) = -52*p**2 + 6398*p - 36510. Give i(6).
6
Let t(i) = -i**3 - 79*i**2 - 1046*i + 21202. Give t(-48).
-14
Let v(m) = -18*m**2 + 2348*m + 14058. Determine v(-6).
-678
Let z(o) = 284356*o - 12511664. Determine z(44).
0
Let c(r) = -r**3 - 32*r**2 + 89*r + 5101. What is c(-29)?
-3
Let w(s) = s**2 + 46*s - 2347. Determine w(-76).
-67
Let n(t) = -t**2 - 3692*t - 29467. What is n(-8)?
5
Let p(d) = 26*d**2 - 53*d + 74. Calculate p(2).
72
Let m(k) = -6871*k + 49971. Calculate m(7).
1874
Let r(a) = -93*a - 23240. Calculate r(-249).
-83
Let k(x) = x**3 - 37*x**2 - 65*x + 567. Determine k(38).
-459
Let t(g) = 1836*g**2 + 33046*g - 65. Give t(-18).
-29
Let g(j) = 2192*j**2 + 81106*j + 59. Determine g(-37).
-15
Let o(s) = -97*s + 826. Calculate o(16).
-726
Let y(q) = 1679*q - 20037. Calculate y(12).
111
Let a(y) = 6084*y - 115603. Give a(19).
-7
Let f(m) = 3*m**2 - 14*m + 346. Determine f(14).
738
Let p(b) = 6*b**3 + 11*b**2 - 14*b - 1. Calculate p(3).
218
Let g(a) = -57169*a - 400579. Determine g(-7).
-396
Let n(k) = k**3 + 1003*k**2 + 16744*k - 247. Calculate n(-17).
59
Let k(i) = -i**2 - 59*i + 1106. Determine k(15).
-4
Let l(i) = 28031*i + 3812210. What is l(-136)?
-6
Let s(w) = 5*w**3 + 311*w**2 + 73*w - 249. Give s(-62).
-931
Let f(v) = -8*v**3 + 54*v**2 - 8*v - 5. Give f(6).
163
Let z(k) = 167*k**2 - 2047*k + 8187. Give z(4).
2671
Let n(i) = -2*i**3 + 51*i**2 - 303*i - 62. Calculate n(10).
8
Let m(j) = 23*j**2 + 368*j + 22. What is m(-16)?
22
Let o(h) = -66*h**2 - 841*h - 623. Calculate o(-12).
-35
Let y(s) = 20*s**2 + 1428*s - 4296. Determine y(3).
168
Let s(n) = -n**3 - 19*n**2 + 615*n + 42. What is s(-36)?
-66
Let d(v) = -39*v**2 + 482*v - 33. Determine d(14).
-929
Let v(w) = -w**2 - 17349*w + 4. Give v(0).
4
Let r(v) = -3*v**3 - 2*v**2 + 44*v + 154. Calculate r(-3).
85
Let o(c) = 5*c**3 - 1307*c**2 - 2100*c - 582. Calculate o(263).
470
Let x(q) = -q**3 + 55*q**2 - 125*q + 12. Calculate x(3).
105
Let a(z) = z**2 - 21264*z - 3989694. Calculate a(-186).
6
Let b(z) = 1891*z**2 - 11318*z - 74. What is b(6)?
94
Let b(t) = -5*t**2 + 218*t + 10162. Determine b(72).
-62
Let d(o) = o**3 + 37*o**2 - 334*o + 1151. Give d(-45).
-19
Let y(f) = 2005*f - 373085. Calculate y(186).
-155
Let b(w) = -86305*w - 11996404. What is b(-139)?
-9
Let t(b) = 2*b**2 + 831*b - 181232. Give t(158).
-6
Let l(b) = -87*b**2 - 1124*b + 4288. Determine l(-16).
0
Let s(j) = j**2 + 234*j - 51315. Determine s(138).
21
Let j(i) = -75100*i + 1201670. Calculate j(16).
70
Let j(x) = -12867*x + 373167. What is j(29)?
24
Let v(z) = 885*z + 140200. Give v(-158).
370
Let i(c) = -c**3 - 231*c**2 - 4954*c + 2902. Determine i(-207).
4
Let x(t) = 2252*t + 104724. Calculate x(-47).
-1120
Let d(a) = 26972*a - 53927. Calculate d(2).
17
Let k(m) = -15*m**3 - 70*m**2 + 76*m + 27. Give k(-5).
-228
Let d(c) = 868*c**3 - 52*c**2 - 31*c + 3. Calculate d(-1).
-886
Let p(g) = 2*g**3 + 30*g**2 + 10*g - 241. Give p(-15).
-391
Let n(q) = q**3 + 11*q**2 - 54*q + 44. Calculate n(-13).
408
Let s(b) = 529*b**2 - 71*b - 72. Give s(-1).
528
Let l(d) = -661823*d**2 - 5956408*d - 4. What is l(-9)?
5
Let l(t) = -t**3 + t**2 + 341*t - 2157. Determine l(6).
-291
Let w(d) = 2*d**3 + 44*d**2 + 492*d + 7978. Give w(-20).
-262
Let y(i) = i**3 - 21*i**2 + 35*i + 149. What is y(17)?
-412
Let c(m) = 4*m**3 + 221*m**2 + 63*m + 442. Calculate c(-55).
2
Let w(x) = x**2 - 8088*x - 40466. Give w(-5).
-1
Let y(l) = l**2 + 963*l - 120258. What is y(112)?
142
Let r(i) = i**2 + 187*i + 8369. Determine r(-111).
-67
Let v(q) = -11186*q + 134242. Determine v(12).
10
Let n(d) = -17*d**2 + 4760*d + 17. Calculate n(280).
17
Let s(x) = -x**2 + 790*x + 93982. What is s(-105)?
7
Let s(o) = 59*o**2 + 5939*o - 2050. What is s(-101)?
-30
Let u(h) = h**3 - 7*h**2 - 311*h - 1489. What is u(-7)?
2
Let z(s) = 34*s**3 + 427*s**2 + 1166*s + 2. Give z(-4).
-6
Let q(k) = -k**3 - 153*k**2 - 5845*k + 253. Give q(-78).
-137
Let k(g) = -15011*g + 105091. Determine k(7).
14
Let r(k) = -1325*k**2 - 29146*k + 111. Determine r(-22).
23
Let w(b) = 1071*b + 8392. Calculate w(-8).
-176
Let h(q) = -2*q**2 - 788*q - 54992. Determine h(-94).
1408
Let a(q) = 923*q + 91382. Calculate a(-99).
5
Let a(x) = -x**3 + 133*x**2 - 1165*x + 4684. Determine a(124).
-1392
Let z(j) = 2*j**3 - 64*j**2 - 227*j + 353. Give z(35).
-242
Let k(i) = -10*i**2 - 13444*i + 13463. Give k(1).
9
Let v(n) = -432*n + 2367. Calculate v(8).
-1089
Let n(j) = j**2 + 6145*j - 197659. What is n(32)?
5
Let k(s) = -3444*s**2 + 49*s - 16. What is k(0)?
-16
Let t(x) = -4*x**3 - 365*x**2 + 218*x - 5355. Calculate t(-92).
-19
Let a(h) = -4216*h + 2373634. Calculate a(563).
26
Let p(d) = -3*d**2 + 140*d - 651. Determine p(42).
-63
Let x(k) = -8954*k 